the tens digit of v?
4
Let w(s) = -47*s - 1. Let d be w(1). Let t = d + 87. Suppose 2*v + 4*c = 3*v - t, -3*c - 108 = -3*v. What is the tens digit of v?
3
Let n = -25 + 21. What is the tens digit of n/6 - 356/(-12)?
2
Suppose -3*r + 300 = -6*r. Let h = 244 + r. What is the tens digit of h?
4
Let q be (12/10)/(2/40). Suppose 21 = -f + 5*s - 12, 4*s + 36 = -4*f. Let b = q + f. What is the units digit of b?
1
Suppose 3*v - 59 = -575. Let f = -66 - v. Suppose 5*m + 4*n - 132 = 56, -f = -3*m + n. What is the tens digit of m?
3
Let d = -20 + 20. Suppose -47*s + 52*s - 1125 = d. What is the units digit of s?
5
Let g(w) = w - 38. Let u be g(11). Let m = 32 - u. What is the units digit of m?
9
Let m(j) = -j**2 - 5*j. Let k be m(-6). Let z(v) be the third derivative of -v**5/60 - 7*v**4/24 - v**3/3 + 4*v**2. What is the units digit of z(k)?
4
Suppose -4*g + 503 = 5*k, -3*k + 2*k = -g + 137. What is the hundreds digit of g?
1
Suppose 2*q - 5*c + 9 = 0, 6*c - 3*c = 15. Suppose s - q = -k + 3*s, 5*k - 5*s = 35. What is the units digit of (-286)/(-14) - k/14?
0
Let z(b) = -b**3 - 5*b**2 - 6*b + 4. Let f be z(-3). Suppose f*o = -o + 30. Suppose -3*d + o = -v, -v - d = -2*d. What is the units digit of v?
3
Let b be 9/2 + 57/(-38). Suppose 0 = -b*g + 1 + 8, -g - 313 = -4*p. What is the tens digit of p?
7
Let v be (-80)/(-30) + 8/6. What is the tens digit of (6 - v - -54) + 3?
5
What is the tens digit of ((-4)/(-2))/(36/2430)?
3
Let b(t) be the first derivative of 11*t**4/4 - 2*t**3/3 - t**2 + 3*t - 12. Let h be b(1). Suppose 5*m - 53 = -3*p, -h = 5*m - 0*m. What is the tens digit of p?
2
Suppose 0*r - 2*r = -30. Suppose -r*a = -20*a + 170. What is the tens digit of a?
3
Suppose b - 3594 + 1309 = -2*w, 5707 = 5*w - 3*b. Suppose w = 9*v - 1117. What is the hundreds digit of v?
2
Let q(a) = -49*a**2 + 4*a - 5. Let p(g) = -148*g**2 + 11*g - 14. Let n(f) = -3*p(f) + 8*q(f). What is the tens digit of n(1)?
5
Let n(y) = -y**3 - 13*y**2 + 10*y - 42. Let g be n(-14). Suppose 2*a + m = 102, -4*m - g = 2. What is the tens digit of a?
5
Let k(g) = -g**3 - 6*g**2 + 9*g + 19. Let h be k(-7). Let t(n) = 20*n + 7. What is the tens digit of t(h)?
0
Let b = 145 - 58. Let t = -33 + b. What is the units digit of t?
4
Suppose -3*r - 120 + 588 = 0. Let p = -39 + r. What is the hundreds digit of p?
1
Suppose -5*o = -10*o + 40. Suppose -11*q + 630 = -o*q. Suppose 0 = -0*a + 4*a + 2*g - 270, 3*g - q = -3*a. What is the tens digit of a?
6
Let g = -103 - -148. Suppose -7*m = 4*k - 2*m - g, m = 5. Suppose -k*j + 180 = -180. What is the units digit of j?
2
Let d be (-57)/(-18) + -3 + 23/6. What is the hundreds digit of (d/12*1)/(2/834)?
1
Let j(h) = -6*h**2 - 7*h - 28. Let f(n) = 5*n**2 + 6*n + 27. Let q(o) = 4*f(o) + 3*j(o). What is the units digit of q(-8)?
8
Let d(m) = -4*m + 3. Let b = -30 - -33. Let p be d(b). What is the units digit of (-1)/p - 915/(-27)?
4
Suppose 4*h = -z + 41, -3*h = -9*z + 5*z - 26. Suppose -16*c = -h*c - 228. What is the tens digit of c?
3
Suppose -2*u + 2*r - 301 + 879 = 0, 3*r - 1156 = -4*u. What is the hundreds digit of u?
2
Let y = -34 - -29. What is the units digit of (30/(-9))/(y/45)?
0
What is the tens digit of 1658/1 + 369/(-41)?
4
Let b(o) = 4*o + 8. Let l be b(-2). What is the tens digit of (l + 6/(-2))*(-98)/3?
9
Let i(s) = 4*s**2 - 3*s - 9. Let q be i(-5). Suppose 0 = 2*y + q - 356. What is the tens digit of y?
2
Let h = 78 - 50. Let b be (-14)/h + 14/(-4). Let y(d) = -12*d + 12. What is the units digit of y(b)?
0
Suppose 176 + 80 = -a - 4*p, -810 = 3*a - 2*p. What is the units digit of ((-9)/6)/(3/a)?
4
Let p(i) = -21*i + 361. What is the tens digit of p(16)?
2
Let m(y) = 32*y**3 - y + 1. Let n be m(1). Suppose 0 = q - n - 24. What is the units digit of q?
6
Suppose -4*b + g + 409 = 0, -3*g - 2*g = -b + 126. Suppose -5*m = -41 + b. What is the units digit of (3 - (-213)/m)*-4?
9
Let v = -25 - -12. Let r = v + 17. Suppose r*s + 4*q = 56, 4 = q - 2*q. What is the tens digit of s?
1
What is the tens digit of (-4)/(-60) + (-43368)/(-180)?
4
What is the tens digit of 0 + 183 + 0/(4 - 9)?
8
Suppose -m - 1 = 4*a, 0 = 2*a - 5*a - 5*m - 5. Suppose a = -7*d + 8*d - 4. Suppose 5*q = -2*u + 59, 2*u - 5*u - 61 = -d*q. What is the units digit of q?
3
Let v(g) = -g**3 + 7*g**2 - g - 3. Let z be v(7). Let f = z - -61. What is the units digit of f?
1
Let f(r) = r**3 + 7*r**2 + r + 10. Let l be f(-7). Suppose -4*k + l + 5 = 0. What is the units digit of (3 - 4)/k*-2?
1
Suppose 5*l = i - 4*i + 5096, 1684 = i - 2*l. What is the hundreds digit of i?
6
Suppose 3 = -9*v + 8*v. Suppose 3*z = 5*z + 4. What is the tens digit of (-23)/((z - v)*-1)?
2
What is the units digit of -5 - (66/(-18))/(2/6)?
6
Let p be (-66)/(-24) - (-2)/8. Let q = -20 - -24. What is the units digit of (11/q)/(p/12)?
1
Suppose 0 = 2*u, -3*j + 4*j + 9 = 4*u. Let f = j + 9. Suppose f = -0*g - 2*g + 44. What is the tens digit of g?
2
Suppose -11761 = -15*v + 389. What is the units digit of v?
0
What is the tens digit of 652 - 24/15*(-35)/14?
5
Let y(r) = -r + 4. Let i = -1 + 3. Let c be y(i). Suppose 0 = -2*t - c*t + 164. What is the tens digit of t?
4
Suppose 2*j = 260*z - 261*z + 4896, -5*j + 14688 = 3*z. What is the hundreds digit of z?
8
What is the units digit of 3 - (3 + 441)/(-4)?
4
Let u be -6*3/(-27) - (-87)/(-9). What is the hundreds digit of 2/(-9) + (-1631)/u?
1
Let s(z) = -z - 2. Let x be s(-4). Suppose 4 = x*m - 2. Suppose -p = m*p - 132. What is the units digit of p?
3
Suppose 0 = -0*g + 5*g. Suppose g = 2*h + h - 3. Let r = 9 + h. What is the tens digit of r?
1
Let z = 424 + -331. What is the tens digit of z?
9
Let y(u) = u + 9. Let j be y(-6). Suppose -4*c = 2*k - 190, -101 - 153 = -5*c + j*k. What is the tens digit of c?
4
Let g be 4/20 - 1/(15/(-1872)). Let o = g - 18. What is the hundreds digit of o?
1
Let r = 369 + -112. What is the units digit of r?
7
Suppose 3*t = -5*k + 4*t + 100, 4*t - 62 = -2*k. Let l = 15 + k. What is the tens digit of l?
3
Let v(i) be the third derivative of 1/12*i**4 + 0*i + 1/3*i**3 - 7*i**2 - 1/40*i**6 + 1/60*i**5 + 0. What is the units digit of v(-2)?
6
Suppose -4*c = 2*z - 4102, -8*c = -5*c - z - 3069. What is the units digit of c?
4
Suppose -6 = p - 3*k, -8*p = -3*p + 5*k - 10. Suppose 10*r = 4*r + 24. Suppose s - 4 + 1 = p, 5*b = r*s + 13. What is the units digit of b?
5
Let y(n) = n - 5*n + 0*n - 3*n**2 - n**2 + 2. Let b(z) = -5*z**2 - 3*z + 2. Let s(g) = -3*b(g) + 4*y(g). What is the units digit of s(-5)?
2
Let m = -2759 - -3988. What is the tens digit of m?
2
Let v be 0 + (-12)/(-4) + -1. Let b be 18 - -2 - (-1 + v). Suppose -4*f = -49 - b. What is the units digit of f?
7
Suppose 0 = 12*c - 9 - 63. Let s be (45/(-2))/(2/(-4)). Suppose 3*p - c = s. What is the units digit of p?
7
Let p be ((-162)/(-24))/((-3)/(-8)). What is the units digit of 3/p - 514/(-12)?
3
Suppose 4*a + 69 = a. Let w = a + 9. Let v = w + 39. What is the units digit of v?
5
Suppose -4*b - 9 + 41 = 0. Suppose 5*c - 19 = -4*h, -2*c - b = -3*h + 2*h. What is the units digit of (22 - 1)/(h/4)?
4
Suppose -d + 5*d = t + 45, 0 = t + 5. Suppose -d = u - 2*u. Suppose -30 - u = -2*f. What is the units digit of f?
0
What is the thousands digit of 28 - 30 - -2681*1?
2
Let i = -26 - 105. Suppose 0 = 3*a - d - 581, -25*d + 26*d - 1 = 0. Let t = a + i. What is the tens digit of t?
6
Suppose -2*z + 3*g + 597 = -106, 5*g - 1102 = -3*z. What is the tens digit of z?
5
Suppose z = -4*f + 848, -5*z + 26 = 6. Suppose 0 = 3*n + p - 107, -4*n = -3*p + 64 - f. What is the tens digit of n?
3
Suppose 15*g + 33*g = 133200. What is the tens digit of g?
7
Let n = -5 - -11. Suppose n*h - 4*h - 74 = 0. What is the tens digit of h?
3
Suppose 4 + 16 = 5*f. Suppose f*k = 2*k + 114. What is the units digit of k?
7
Let s = -13 + 17. Suppose 0*o + 2*b + 21 = 5*o, 0 = s*o + 4*b - 28. Let r = o - 3. What is the units digit of r?
2
Suppose -5*p - 15 = 0, 0 = 5*z + 4*p + 4 - 72. Suppose -c + 13 = -z. Let a = c + -12. What is the units digit of a?
7
Let d be (-2056)/13 - 32/(-208). Let g = d - -307. What is the units digit of g?
9
Suppose -10 = -5*i - g - g, -2*i = 4*g + 12. Suppose -5*j + 2*n + 15 = -3*n, -2*j + i*n = -16. What is the tens digit of j/(-13) + 5270/221?
2
Let w = 8 - 3. Suppose -w*z + 61 = 3*n - 0*n, 